Let x(y) = -2*y**3 + 61*y**2 + 43*y + 75. Let g = -13 + 44. List the prime factors of x(g).
3, 149
Suppose 147 = -3*p - 18*p. Let o(i) = 17*i**2 + 11*i + 136. What are the prime factors of o(p)?
2, 223
Suppose -5*l + 3*q + 7542 = -61953, 55596 = 4*l - 5*q. List the prime factors of l.
3, 41, 113
Let d be (-39402)/(-30) - (-3)/5. Suppose 0 = 19*n - 13*n - d. Let g = 366 - n. List the prime factors of g.
3, 7
Let c(h) = h**3 - 25*h**2 - 82*h - 51. Let l be c(28). Suppose 4*o + d - 3*d - 442 = 0, l*o = 4*d + 545. List the prime factors of o.
113
Suppose -92 + 117 = 5*k. Suppose -k*t = -4*m + 135 + 2420, -2*t - 2570 = -4*m. List the prime factors of m.
3, 5, 43
Let a = 1281 + 1106. Let l(d) = 2*d**2 + a*d - 4 - 12 - 2379*d. List the prime factors of l(5).
2, 37
Let p(a) = 3*a**2 - 81*a + 5. Let f(w) = 3*w**2 - 82*w + 4. Let x(k) = 7*f(k) - 6*p(k). List the prime factors of x(-6).
2, 317
Let q(c) = c**3 - 5*c**2 - 8*c + 3. Let s be q(6). Suppose a = -1 - 15. Let i = s - a. What are the prime factors of i?
7
Suppose -3*s - 12452 = -3*t - 41051, -5*t + 47645 = 5*s. What are the prime factors of s?
3, 353
Let g(l) = 158*l**3 + 57*l**2 + 69*l - 10. What are the prime factors of g(5)?
2, 3, 5, 239
Suppose 69*q - 987404 - 570340 = 0. What are the prime factors of q?
2, 17, 83
Let p(h) = -106*h**3 - 27*h**2 + 13*h - 9. List the prime factors of p(-8).
3, 17477
Suppose -a + 14292 = 3*y, 12*y - 14*y = a - 14291. What are the prime factors of a?
3, 11, 433
Let k(q) = 45*q - 28. Let w(s) = -44*s + 28. Let v(c) = 3*k(c) + 2*w(c). List the prime factors of v(8).
2, 3, 29
Let k(r) be the third derivative of -r**6/120 - r**5/60 + 5*r**4/12 + 29*r**3/3 - 103*r**2. What are the prime factors of k(-6)?
2, 89
Suppose 11*c - 81*c + 1647800 = 0. What are the prime factors of c?
2, 5, 11, 107
Let o(c) be the first derivative of 52*c**3/3 + 13*c**2 - c + 105. List the prime factors of o(-4).
727
Suppose -48*h = -65*h + 67762. List the prime factors of h.
2, 1993
Suppose -o = -2*m - 6, 8*m - 5*m - 9 = -3*o. Suppose -z = 4*b + 20, -b + z = o*z + 16. What are the prime factors of -4 - b - -200 - 2?
2, 3, 11
Suppose c + 140 = -4*r - 350, -5*c - 2464 = 6*r. Suppose -3*i + 1345 = -872. Let j = i + c. List the prime factors of j.
5, 7
Suppose 4*z = 3*c - 35, -28*c - 5*z = -27*c + 20. List the prime factors of ((-4494)/15)/(-7)*c.
2, 107
Let b(z) = -13*z - 20*z**2 - 12 + 1 + 21*z**2 - 3. Let u be b(-4). What are the prime factors of (4/(-10))/(u/45)*-6?
2
Let k be (-4)/(-5)*50/5. Let d(w) = 2 + 11*w + w**3 - 5 - 3 - 8*w**2 + 9. List the prime factors of d(k).
7, 13
Let o(j) = -5*j + 14 - 8*j - j**3 - 13*j**2 - 5 - 5*j. Let p be o(-13). Let u = 402 - p. What are the prime factors of u?
3, 53
Suppose 2*s - 5222 = -2*h, -4*h - 5204 = 14*s - 16*s. What are the prime factors of s?
2, 163
Let c = -145 + 149. Suppose -c*g - 744 = -d, -2*g = -6*d + d + 3648. List the prime factors of d.
2, 7, 13
Let d(p) = 50*p**3 - p**2 + 2*p - 68. What are the prime factors of d(7)?
17047
Let q = -109 - -113. Suppose 3*w = s, -6*s + 7 = -q*s + w. Suppose 4*h = 3*k - 262, 0 = -2*k + s*k + 5*h - 119. List the prime factors of k.
2, 47
Suppose -2*y = 11 - 17. Suppose -2 - 4 = -y*b. Suppose -112 + b = -5*m. List the prime factors of m.
2, 11
Suppose 10821 = 5*t + 14*r - 18*r, -3*r = -3. Let z = t - 654. List the prime factors of z.
1511
Let t(k) = -k**2 + 20*k - 6. Let f be t(18). Suppose f = -5*x - 5*r, 4*x - 5*r = 3*x + 12. What are the prime factors of (-1 - 62/x)/((-8)/(-24))?
59
Let w = -401 - -31. Let s(x) = 6*x + 28. Let z be s(-3). What are the prime factors of z/(-20)*1*w?
5, 37
Let d be (8/(-5))/(-3*2/15). What are the prime factors of 34595/45 - 7/((-126)/d)?
769
Suppose -450625 = -149*c + 40*c + 459416. List the prime factors of c.
3, 11, 23
Let h(v) = 20*v**3 + 26*v**2 + 3*v + 8. Let g be h(4). Suppose -607*x + 613*x - g = 0. List the prime factors of x.
2, 11, 13
Let l be (-33 - 2)*((-76)/(-28) - 3). Let w(z) = 11*z**2 + 5*z + 4. List the prime factors of w(l).
2, 577
Suppose 2*y - 21 + 29 = 0, 5*y = -4*u - 8. Suppose w + s = 110, 5*w - 539 = 3*s + u. What are the prime factors of w?
109
Let f(j) = -j**2 - 7*j + 10. Let r be (-2)/20*-6*-15. Let b be f(r). Let z = 53 + b. What are the prime factors of z?
3, 5
Suppose -37 = s - 5*v + 109, -5*s + 5*v = 770. Suppose 5*k - 4*j - 27 = 0, 27 = 3*k - j + 4*j. What are the prime factors of ((-420)/(-9))/k*s/(-8)?
2, 5, 13
Suppose 7*y = 16 + 5. Suppose -2*h = -3*x - 3, -4*x = 3*h + 6 + 15. What are the prime factors of 75 - y*1*x/(-9)?
2, 37
Let a(i) = 2*i**3 - 2*i**2 + 10*i + 10. Let n(x) = -3*x**3 + x**2 - 10*x - 10. Let v(c) = -4*a(c) - 3*n(c). List the prime factors of v(-6).
2, 7
Let j(y) = y + 33. Let a be j(-31). Suppose -20*i + 4950 = -a*i. What are the prime factors of i?
5, 11
Suppose 44*q + 97 + 61 = 26. Let z(r) = -5*r. Let g be z(1). List the prime factors of (q + 104/(-20))*g.
41
Let u(w) = -538*w - 1477. List the prime factors of u(-50).
25423
Suppose 0 = -3*w + 5*a + 49714 + 43220, a - 61943 = -2*w. What are the prime factors of w?
47, 659
Suppose 3*t + 3*b = -24, 5*b = -0 - 20. List the prime factors of t/9 + (-62902)/(-63).
2, 499
Let b(k) = -24*k**3 + 5*k + 1. Let n be b(-5). Suppose -h + n = 15*h. List the prime factors of h.
2, 3, 31
Let s(w) = -98*w - 154. Let r be s(-13). Let d = r - 840. What are the prime factors of d?
2, 5, 7
Let b(m) = 17*m**2 - 3*m + 26. Let k be b(12). Suppose -6056 = -6*g - k. What are the prime factors of g?
3, 67
Let t = 5874 - -11761. What are the prime factors of t?
5, 3527
Let x be 0 + (-5)/20 + (-34)/(-8). Suppose x*v - 2198 = 2*o, 6 = -4*o + 2. List the prime factors of v.
3, 61
Let c(j) = 2*j**2 - 150*j - 10. Let l be c(-10). Let g = 3123 - l. List the prime factors of g.
1433
Let t(s) = 3*s**2 + s + 1. Let m be t(-1). Let x be m + -1 + (5 - 2). Suppose 2*f - 2*n - 64 = -6*n, -3*f - x*n + 93 = 0. What are the prime factors of f?
2, 13
Let v(n) = -n**3 + 74*n**2 - 33*n - 112. List the prime factors of v(70).
2, 3, 7, 409
Let q(i) = -10*i + 84. Let v be q(8). What are the prime factors of (-6632)/(v/2)*(-163)/326?
2, 829
Let m(c) = 6*c**2 + 7*c - 21. Suppose -164*r + 161*r = 36. List the prime factors of m(r).
3, 11, 23
Suppose u - 3237 = -3*i + 7301, -3*i + 3*u = -10554. Let t be i/18 - 6/27. Let z = -82 + t. List the prime factors of z.
113
Let n(r) = 34*r + 186. Let i be ((-3)/(-1))/(28/(-35) - -1). What are the prime factors of n(i)?
2, 3, 29
Suppose -2*p = 2*p + 2*i - 568, p - 142 = -5*i. Suppose -3*y = 188 + p. Let m = -75 - y. List the prime factors of m.
5, 7
Let z(b) = -b + 1. Let j(d) = -d**3 - 4*d**2 - 4*d + 5. Let n(c) = j(c) - 4*z(c). Let h be n(-4). What are the prime factors of h + 4/((-4)/(-71))?
2, 3
Let v be (-2)/(6/(-45) - (-6)/18). Suppose -77 = 2*x - 0*f + f, 2*f + 10 = 0. Let t = v - x. List the prime factors of t.
2, 13
Let o(l) = 22 + 3*l - 19 + l - l**2. Let n be o(4). What are the prime factors of (1/(-2))/(n/(-222))?
37
Let l(q) = 26 + 7*q - 3*q + 14*q**2 - q + 5*q. List the prime factors of l(-6).
2, 241
Suppose -21*c + 9*c - 336 = 0. What are the prime factors of ((-3)/(-12) - 161/c) + 1737?
3, 7, 83
Let q be (43/8 - 5)*8. Let g be 174/(q + -3 + 1/1). Let p = -94 + g. What are the prime factors of p?
2, 5
Suppose 19*m = 10*m + 4725. Let c be (m/(-10))/7*-6. Suppose -2*q + 513 = c. What are the prime factors of q?
2, 3, 13
Let y be 159/2*20/(-15). Let v = y + 200. Let q = 242 - v. List the prime factors of q.
2, 37
Let q(k) = -4600*k + 6. Let t be q(-1). Suppose -t = -15*r + 5474. List the prime factors of r.
2, 3, 7
Suppose 401*t - 32 = 393*t. Suppose 3*z - 5208 = -g, -t*z + 0*g + 6939 = 3*g. List the prime factors of z.
3, 193
Let t = -1351 + 1668. What are the prime factors of t?
317
Let g be (-24)/(-36) + 28/(-6). Let v be -70 - (7/g - 6/(-8)). Let m = -39 - v. List the prime factors of m.
2, 3, 5
Suppose 0*y - 2*y + 330 = 0. Let l = y - 360. Let p = l + 397. List the prime factors of p.
2, 101
Let d be 8 + (-60)/8 + 1542/4. Suppose o - d - 522 = 0. List the prime factors of o.
2, 227
Let w be -4*(2 + (-1 - (-2)/(-1))). Suppose 3*m = w*l + 253, m + 2*m = 2*l + 257. Suppose -m = 5*b - 522. What are the prime factors of b?
3, 29
Let c = 18465 + -12511. What are the